of 365884?
8
What is the millions digit of 1191772?
1
What is the units digit of 6567?
7
What is the tens digit of 870244?
4
What is the tens digit of 92750?
5
What is the units digit of 19760055?
5
What is the millions digit of 9982575?
9
What is the thousands digit of 1292014?
2
What is the units digit of 31099177?
7
What is the units digit of 143249?
9
What is the tens digit of 517010?
1
What is the tens digit of 1294757?
5
What is the units digit of 8083822?
2
What is the thousands digit of 27938368?
8
What is the hundreds digit of 8581125?
1
What is the units digit of 165862?
2
What is the units digit of 4451087?
7
What is the hundreds digit of 148293?
2
What is the hundreds digit of 15165637?
6
What is the hundreds digit of 8316099?
0
What is the tens digit of 122493?
9
What is the ten thousands digit of 245048?
4
What is the ten thousands digit of 10611963?
1
What is the hundred thousands digit of 434737?
4
What is the units digit of 87538?
8
What is the hundreds digit of 1792718?
7
What is the tens digit of 991886?
8
What is the units digit of 165556?
6
What is the thousands digit of 8106?
8
What is the tens digit of 16407072?
7
What is the thousands digit of 10314975?
4
What is the millions digit of 13520279?
3
What is the units digit of 46911?
1
What is the units digit of 261935?
5
What is the tens digit of 64061?
6
What is the units digit of 544076?
6
What is the thousands digit of 28603039?
3
What is the tens digit of 39984?
8
What is the hundred thousands digit of 4144560?
1
What is the tens digit of 403992?
9
What is the tens digit of 275361?
6
What is the hundreds digit of 1288507?
5
What is the hundreds digit of 703871?
8
What is the thousands digit of 11195355?
5
What is the thousands digit of 20959248?
9
What is the hundred thousands digit of 363626?
3
What is the tens digit of 555021?
2
What is the hundred thousands digit of 891799?
8
What is the ten thousands digit of 972493?
7
What is the thousands digit of 212964?
2
What is the ten thousands digit of 192431?
9
What is the hundred thousands digit of 735305?
7
What is the hundred thousands digit of 1722781?
7
What is the hundred thousands digit of 470258?
4
What is the tens digit of 52158?
5
What is the ten thousands digit of 284877?
8
What is the hundred thousands digit of 31598124?
5
What is the hundred thousands digit of 432513?
4
What is the ten thousands digit of 788736?
8
What is the hundreds digit of 751944?
9
What is the units digit of 161030?
0
What is the tens digit of 1484489?
8
What is the ten thousands digit of 958933?
5
What is the hundreds digit of 32869?
8
What is the thousands digit of 487983?
7
What is the thousands digit of 535591?
5
What is the hundreds digit of 125698?
6
What is the hundred thousands digit of 296191?
2
What is the thousands digit of 14044?
4
What is the tens digit of 241577?
7
What is the thousands digit of 126281?
6
What is the hundred thousands digit of 165189?
1
What is the ten thousands digit of 558717?
5
What is the hundred thousands digit of 1142695?
1
What is the thousands digit of 1326191?
6
What is the hundreds digit of 109110?
1
What is the thousands digit of 457194?
7
What is the hundred thousands digit of 901787?
9
What is the thousands digit of 5351976?
1
What is the units digit of 16771136?
6
What is the tens digit of 2015359?
5
What is the millions digit of 6285690?
6
What is the ten millions digit of 17693772?
1
What is the thousands digit of 173436?
3
What is the hundred thousands digit of 30341401?
3
What is the tens digit of 13735?
3
What is the tens digit of 176877?
7
What is the hundred thousands digit of 1091622?
0
What is the hundred thousands digit of 347495?
3
What is the units digit of 237647?
7
What is the tens digit of 4883296?
9
What is the millions digit of 6210130?
6
What is the millions digit of 3734829?
3
What is the hundreds digit of 1760891?
8
What is the hundreds digit of 82769?
7
What is the thousands digit of 279387?
9
What is the tens digit of 256283?
8
What is the tens digit of 222720?
2
What is the ten thousands digit of 1240902?
4
What is the thousands digit of 2847171?
7
What is the hundred thousands digit of 2655056?
6
What is the hundreds digit of 2590918?
9
What is the hundred thousands digit of 1133818?
1
What is the units digit of 7919516?
6
What is the hundreds digit of 1727236?
2
What is the hundreds digit of 36173?
1
What is the ten thousands digit of 76567?
7
What is the thousands digit of 1453758?
3
What is the ten thousands digit of 1165795?
6
What is the units digit of 5391254?
4
What is the thousands digit of 350925?
0
What is the hundreds digit of 1155177?
1
What is the millions digit of 3802972?
3
What is the tens digit of 14327455?
5
What is the units digit of 813337?
7
What is the thousands digit of 8958229?
8
What is the tens digit of 3188611?
1
What is the hundreds digit of 489710?
7
What is the ten thousands digit of 1047576?
4
What is the hundred thousands digit of 2552522?
5
What is the tens digit of 6726653?
5
What is the units digit of 644937?
7
What is the ten thousands digit of 2852262?
5
What is the tens digit of 18919486?
8
What is the tens digit of 3443648?
4
What is the hundreds digit of 1191639?
6
What is the thousands digit of 16132270?
2
What is the thousands digit of 3153430?
3
What is the tens digit of 1615270?
7
What is the hundreds digit of 37567?
5
What is the tens digit of 3598621?
2
What is the millions digit of 3269838?
3
What is the thousands digit of 7715584?
5
What is the millions digit of 8640168?
8
What is the hundreds digit of 30926686?
6
What is the units digit of 30486540?
0
What is the units digit of 1034315?
5
What is the ten millions digit of 10790568?
1
What is the millions digit of 19490712?
9
What is the hundred thousands digit of 1711446?
7
What is the thousands digit of 127563?
7
What is the hundred thousands digit of 554177?
5
What is the units digit of 219578?
8
What is the tens digit of 4495533?
3
What is the units digit of 1597728?
8
What is the units digit of 28224979?
9
What is the millions digit of 2444360?
2
What is the hundred thousands digit of 1295733?
2
What is the hundreds digit of 2762753?
7
What is the hundreds digit of 2539281?
2
What is the tens digit of 7574439?
3
What is the millions digit of 14995663?
4
What is the units digit of 302318?
8
What is the tens digit of 1602701?
0
What is the hundred thousands digit of 226420?
2
What is the ten thousands digit of 262016?
6
What is the ten thousands digit of 54337?
5
What is the tens digit of 85327?
2
What is the thousands digit of 108375?
8
What is the hundreds digit of 12107718?
7
What is the thousands digit of 6684308?
4
What is the hundreds digit of 817794?
7
What is the hundreds digit of 15437565?
5
What is the units digit of 7511594?
4
What is the tens digit of 75956?
5
What is the millions digit of 14321043?
4
What is the ten thousands digit of 29862?
2
What is the ten thousands digit of 749266?
4
What is the tens digit of 1343481?
8
What is the ten thousands digit of 7896779?
9
What is the hundreds digit of 5287471?
4
What is the hundreds digit of 1147073?
0
What is the ten thousands digit of 539287?
3
What is the hundreds digit of 125887?
8
What is the hundreds digit of 5860533?
5
What is the ten thousands digit of 7694782?
9
What is the hundred thousands digit of 201440?
2
What is the thousands digit of 34709294?
9
What is the units digit of 2387024?
4
What is the units digit of 1407917?
7
What is the hundred thousands digit of 7342805?
3
What is the hundred thousands digit of 614252?
6
What is the ten thousands digit of 84713?
8
What is the hundred thousands digit of 950106?
9
What is the thousands digit of 334138?
4
What is the thousands digit of 7182?
7
What is the hundred thousands digit of 123099?
1
What is the millions digit of 2861257?
2
What is the tens digit of 147803?
0
What is the ten thousands digit of 2551683?
5
What is the hundreds digit of 759998?
9
What is the hundred thousands digit of 2448196?
4
What is the hundred thousands digit of 7397870?
3
What is the hundreds digit of 19608?
6
What is the ten thousands digit of 3264305?
6
What is the ten thousands digit of 6369757?
6
What is the hundreds digit of 39518?
5
What is the hundred thousands d